Last updated on 2024-05-13 09:51:02 CEST.
Flavor | Version | Tinstall | Tcheck | Ttotal | Status | Flags |
---|---|---|---|---|---|---|
r-devel-linux-x86_64-debian-clang | 0.7-2 | 15.85 | 85.85 | 101.70 | OK | |
r-devel-linux-x86_64-debian-gcc | 0.7-2 | 10.04 | 61.96 | 72.00 | OK | |
r-devel-linux-x86_64-fedora-clang | 0.7-2 | 123.83 | NOTE | |||
r-devel-linux-x86_64-fedora-gcc | 0.7-2 | 171.24 | OK | |||
r-devel-windows-x86_64 | 0.7-2 | 14.00 | 85.00 | 99.00 | OK | |
r-patched-linux-x86_64 | 0.7-2 | 11.77 | 80.36 | 92.13 | OK | |
r-release-linux-x86_64 | 0.7-2 | 14.35 | 78.99 | 93.34 | OK | |
r-release-macos-arm64 | 0.7-2 | 39.00 | OK | |||
r-release-windows-x86_64 | 0.7-2 | 17.00 | 84.00 | 101.00 | OK | |
r-oldrel-macos-arm64 | 0.7-2 | 40.00 | OK | |||
r-oldrel-macos-x86_64 | 0.7-2 | 78.00 | OK | |||
r-oldrel-windows-x86_64 | 0.7-2 | 18.00 | 101.00 | 119.00 | OK |
Version: 0.7-2
Check: installed package size
Result: NOTE
installed size is 5.5Mb
sub-directories of 1Mb or more:
libs 5.0Mb
Flavor: r-devel-linux-x86_64-fedora-clang