Last updated on 2024-05-13 04:55:43 CEST.
Flavor | Version | Tinstall | Tcheck | Ttotal | Status | Flags |
---|---|---|---|---|---|---|
r-devel-linux-x86_64-debian-clang | 0.6-10 | 10.75 | 93.64 | 104.39 | OK | |
r-devel-linux-x86_64-debian-gcc | 0.6-10 | 7.65 | 67.98 | 75.63 | OK | |
r-devel-linux-x86_64-fedora-clang | 0.6-10 | 128.91 | NOTE | |||
r-devel-linux-x86_64-fedora-gcc | 0.6-10 | 190.08 | OK | |||
r-devel-windows-x86_64 | 0.6-10 | 9.00 | 96.00 | 105.00 | OK | |
r-patched-linux-x86_64 | 0.6-10 | 7.57 | 90.20 | 97.77 | OK | |
r-release-linux-x86_64 | 0.6-10 | 7.13 | 87.01 | 94.14 | OK | |
r-release-macos-arm64 | 0.6-10 | 42.00 | OK | |||
r-release-macos-x86_64 | 0.6-10 | 93.00 | OK | |||
r-release-windows-x86_64 | 0.6-10 | 10.00 | 95.00 | 105.00 | OK | |
r-oldrel-macos-arm64 | 0.6-10 | 51.00 | OK | |||
r-oldrel-macos-x86_64 | 0.6-10 | 87.00 | OK | |||
r-oldrel-windows-x86_64 | 0.6-10 | 11.00 | 107.00 | 118.00 | OK |
Version: 0.6-10
Check: Rd cross-references
Result: NOTE
Undeclared package ‘tseries’ in Rd xrefs
Flavor: r-devel-linux-x86_64-fedora-clang