Last updated on 2024-07-18 09:52:39 CEST.
Flavor | Version | Tinstall | Tcheck | Ttotal | Status | Flags |
---|---|---|---|---|---|---|
r-devel-linux-x86_64-debian-clang | 1.4.21 | 19.32 | 252.73 | 272.05 | OK | |
r-devel-linux-x86_64-debian-gcc | 1.4.21 | 17.75 | 185.72 | 203.47 | OK | |
r-devel-linux-x86_64-fedora-clang | 1.4.21 | 344.44 | OK | |||
r-devel-linux-x86_64-fedora-gcc | 1.4.21 | 393.61 | OK | |||
r-devel-windows-x86_64 | 1.4.21 | 19.00 | 218.00 | 237.00 | NOTE | |
r-patched-linux-x86_64 | 1.4.21 | 23.20 | 236.93 | 260.13 | OK | |
r-release-linux-x86_64 | 1.4.21 | 18.39 | 238.43 | 256.82 | OK | |
r-release-macos-arm64 | 1.4.21 | 144.00 | OK | |||
r-release-macos-x86_64 | 1.4.21 | 203.00 | OK | |||
r-release-windows-x86_64 | 1.4.21 | 17.00 | 220.00 | 237.00 | OK | |
r-oldrel-macos-arm64 | 1.4.21 | 156.00 | OK | |||
r-oldrel-macos-x86_64 | 1.4.21 | 409.00 | OK | |||
r-oldrel-windows-x86_64 | 1.4.21 | 16.00 | 277.00 | 293.00 | OK |
Version: 1.4.21
Check: Rd cross-references
Result: NOTE
Found the following Rd file(s) with Rd \link{} targets missing package
anchors:
all_eq.Rd: diffObj
Please provide package anchors for all Rd \link{} targets not in the
package itself and the base packages.
Flavor: r-devel-windows-x86_64