Last updated on 2024-07-18 04:50:30 CEST.
Flavor | Version | Tinstall | Tcheck | Ttotal | Status | Flags |
---|---|---|---|---|---|---|
r-devel-linux-x86_64-debian-clang | 1.2-0 | 11.15 | 23.50 | 34.65 | OK | |
r-devel-linux-x86_64-debian-gcc | 1.2-0 | 6.48 | 18.01 | 24.49 | OK | |
r-devel-linux-x86_64-fedora-clang | 1.2-0 | 44.31 | OK | |||
r-devel-linux-x86_64-fedora-gcc | 1.2-0 | 42.74 | OK | |||
r-devel-windows-x86_64 | 1.2-0 | 16.00 | 39.00 | 55.00 | WARN | |
r-patched-linux-x86_64 | 1.2-0 | 9.17 | 22.30 | 31.47 | OK | |
r-release-linux-x86_64 | 1.2-0 | 8.69 | 21.97 | 30.66 | OK | |
r-release-macos-arm64 | 1.2-0 | 29.00 | OK | |||
r-release-macos-x86_64 | 1.2-0 | 33.00 | OK | |||
r-release-windows-x86_64 | 1.2-0 | 13.00 | 37.00 | 50.00 | WARN | |
r-oldrel-macos-arm64 | 1.2-0 | 35.00 | OK | |||
r-oldrel-macos-x86_64 | 1.2-0 | 79.00 | OK | |||
r-oldrel-windows-x86_64 | 1.2-0 | 16.00 | 40.00 | 56.00 | WARN |
Version: 1.2-0
Check: whether package can be installed
Result: WARN
Found the following significant warnings:
randutils.c:60:12: warning: function declaration isn't a prototype [-Wstrict-prototypes]
See 'd:/Rcompile/CRANpkg/local/4.5/uuid.Rcheck/00install.out' for details.
* used C compiler: 'gcc.exe (GCC) 13.2.0'
Flavor: r-devel-windows-x86_64
Version: 1.2-0
Check: whether package can be installed
Result: WARN
Found the following significant warnings:
randutils.c:60:12: warning: function declaration isn't a prototype [-Wstrict-prototypes]
See 'd:/Rcompile/CRANpkg/local/4.4/uuid.Rcheck/00install.out' for details.
* used C compiler: 'gcc.exe (GCC) 13.2.0'
Flavor: r-release-windows-x86_64
Version: 1.2-0
Check: whether package can be installed
Result: WARN
Found the following significant warnings:
randutils.c:60:12: warning: function declaration isn't a prototype [-Wstrict-prototypes]
See 'd:/Rcompile/CRANpkg/local/4.3/uuid.Rcheck/00install.out' for details.
* used C compiler: 'gcc.exe (GCC) 12.3.0'
Flavor: r-oldrel-windows-x86_64