CRAN Package Check Results for Package validata

Last updated on 2025-07-22 17:50:49 CEST.

Flavor Version Tinstall Tcheck Ttotal Status Flags
r-devel-linux-x86_64-debian-clang 0.1.0 2.59 36.44 39.03 OK
r-devel-linux-x86_64-debian-gcc 0.1.0 1.89 28.38 30.27 OK
r-devel-linux-x86_64-fedora-clang 0.1.0 64.71 NOTE
r-devel-linux-x86_64-fedora-gcc 0.1.0 72.07 NOTE
r-devel-windows-x86_64 0.1.0 5.00 57.00 62.00 OK
r-patched-linux-x86_64 0.1.0 2.61 33.19 35.80 OK
r-release-linux-x86_64 0.1.0 2.71 33.15 35.86 OK
r-release-macos-arm64 0.1.0 31.00 OK
r-release-macos-x86_64 0.1.0 61.00 OK
r-release-windows-x86_64 0.1.0 5.00 57.00 62.00 OK
r-oldrel-macos-arm64 0.1.0 28.00 OK
r-oldrel-macos-x86_64 0.1.0 40.00 OK
r-oldrel-windows-x86_64 0.1.0 6.00 67.00 73.00 OK

Check Details

Version: 0.1.0
Check: dependencies in R code
Result: NOTE Namespaces in Imports field not imported from: ‘BBmisc’ ‘badger’ All declared Imports should be used. Flavors: r-devel-linux-x86_64-fedora-clang, r-devel-linux-x86_64-fedora-gcc