Last updated on 2025-07-03 23:51:08 CEST.
Flavor | Version | Tinstall | Tcheck | Ttotal | Status | Flags |
---|---|---|---|---|---|---|
r-devel-linux-x86_64-debian-clang | 0.1.0 | 5.38 | 44.88 | 50.26 | OK | |
r-devel-linux-x86_64-debian-gcc | 0.1.0 | 3.36 | 33.29 | 36.65 | OK | |
r-devel-linux-x86_64-fedora-clang | 0.1.0 | 76.74 | NOTE | |||
r-devel-linux-x86_64-fedora-gcc | 0.1.0 | 79.15 | NOTE | |||
r-devel-windows-x86_64 | 0.1.0 | 7.00 | 64.00 | 71.00 | OK | |
r-patched-linux-x86_64 | 0.1.0 | 4.84 | 40.92 | 45.76 | OK | |
r-release-linux-x86_64 | 0.1.0 | 4.24 | 40.63 | 44.87 | OK | |
r-release-macos-arm64 | 0.1.0 | 28.00 | OK | |||
r-release-macos-x86_64 | 0.1.0 | 41.00 | OK | |||
r-release-windows-x86_64 | 0.1.0 | 7.00 | 67.00 | 74.00 | OK | |
r-oldrel-macos-arm64 | 0.1.0 | 24.00 | NOTE | |||
r-oldrel-macos-x86_64 | 0.1.0 | 36.00 | NOTE | |||
r-oldrel-windows-x86_64 | 0.1.0 | 8.00 | 74.00 | 82.00 | NOTE |
Version: 0.1.0
Check: dependencies in R code
Result: NOTE
Namespaces in Imports field not imported from:
‘dplyr’ ‘magrittr’
All declared Imports should be used.
Flavors: r-devel-linux-x86_64-fedora-clang, r-devel-linux-x86_64-fedora-gcc
Version: 0.1.0
Check: LazyData
Result: NOTE
'LazyData' is specified without a 'data' directory
Flavors: r-oldrel-macos-arm64, r-oldrel-macos-x86_64, r-oldrel-windows-x86_64